{"id":4538,"date":"2020-04-27T12:29:19","date_gmt":"2020-04-27T12:29:19","guid":{"rendered":"https:\/\/www.cesarflor.com\/tiendacesarflor\/?post_type=product&#038;p=4538"},"modified":"2024-02-10T20:27:12","modified_gmt":"2024-02-10T20:27:12","slug":"ramo-3-rosas","status":"publish","type":"product","link":"https:\/\/www.cesarflor.com\/tiendacesarflor\/product\/ramo-3-rosas\/","title":{"rendered":"Ramo 3 Rosas"},"content":{"rendered":"<p>Ramo de 3 rosas rojas especial para cualquier ocasi\u00f3n, acompa\u00f1ado de finos verdes, tambi\u00e9n le anexamos envoltura de lujo.<\/p>\n<p>Lo llevamos a casa el mismo d\u00eda<\/p>\n","protected":false},"excerpt":{"rendered":"<p>Ramo de 3 rosas rojas especial para cualquier ocasi\u00f3n, acompa\u00f1ado de finos verdes, tambi\u00e9n le anexamos envoltura de lujo.<\/p>\n<p>Lo llevamos a casa el mismo d\u00eda<\/p>\n","protected":false},"featured_media":4540,"comment_status":"open","ping_status":"closed","template":"","meta":[],"product_cat":[134,135,138,140],"product_tag":[],"_links":{"self":[{"href":"https:\/\/www.cesarflor.com\/tiendacesarflor\/wp-json\/wp\/v2\/product\/4538"}],"collection":[{"href":"https:\/\/www.cesarflor.com\/tiendacesarflor\/wp-json\/wp\/v2\/product"}],"about":[{"href":"https:\/\/www.cesarflor.com\/tiendacesarflor\/wp-json\/wp\/v2\/types\/product"}],"replies":[{"embeddable":true,"href":"https:\/\/www.cesarflor.com\/tiendacesarflor\/wp-json\/wp\/v2\/comments?post=4538"}],"wp:featuredmedia":[{"embeddable":true,"href":"https:\/\/www.cesarflor.com\/tiendacesarflor\/wp-json\/wp\/v2\/media\/4540"}],"wp:attachment":[{"href":"https:\/\/www.cesarflor.com\/tiendacesarflor\/wp-json\/wp\/v2\/media?parent=4538"}],"wp:term":[{"taxonomy":"product_cat","embeddable":true,"href":"https:\/\/www.cesarflor.com\/tiendacesarflor\/wp-json\/wp\/v2\/product_cat?post=4538"},{"taxonomy":"product_tag","embeddable":true,"href":"https:\/\/www.cesarflor.com\/tiendacesarflor\/wp-json\/wp\/v2\/product_tag?post=4538"}],"curies":[{"name":"wp","href":"https:\/\/api.w.org\/{rel}","templated":true}]}}