{"id":4731,"date":"2020-05-01T20:06:28","date_gmt":"2020-05-01T20:06:28","guid":{"rendered":"https:\/\/www.cesarflor.com\/tiendacesarflor\/?post_type=product&#038;p=4731"},"modified":"2025-07-18T15:13:32","modified_gmt":"2025-07-18T15:13:32","slug":"charleston","status":"publish","type":"product","link":"https:\/\/www.cesarflor.com\/tiendacesarflor\/product\/charleston\/","title":{"rendered":"Charlest\u00f3n"},"content":{"rendered":"<p>Elegante composici\u00f3n floral variada de bromelia vriesia y guzmania con decoraci\u00f3n, ideal para un magn\u00edfico detalle<\/p>\n","protected":false},"excerpt":{"rendered":"<p>Elegante composici\u00f3n floral variada de bromelia vriesia y guzmania con decoraci\u00f3n, ideal para un magn\u00edfico detalle<\/p>\n","protected":false},"featured_media":4732,"comment_status":"open","ping_status":"closed","template":"","meta":[],"product_cat":[136],"product_tag":[],"_links":{"self":[{"href":"https:\/\/www.cesarflor.com\/tiendacesarflor\/wp-json\/wp\/v2\/product\/4731"}],"collection":[{"href":"https:\/\/www.cesarflor.com\/tiendacesarflor\/wp-json\/wp\/v2\/product"}],"about":[{"href":"https:\/\/www.cesarflor.com\/tiendacesarflor\/wp-json\/wp\/v2\/types\/product"}],"replies":[{"embeddable":true,"href":"https:\/\/www.cesarflor.com\/tiendacesarflor\/wp-json\/wp\/v2\/comments?post=4731"}],"wp:featuredmedia":[{"embeddable":true,"href":"https:\/\/www.cesarflor.com\/tiendacesarflor\/wp-json\/wp\/v2\/media\/4732"}],"wp:attachment":[{"href":"https:\/\/www.cesarflor.com\/tiendacesarflor\/wp-json\/wp\/v2\/media?parent=4731"}],"wp:term":[{"taxonomy":"product_cat","embeddable":true,"href":"https:\/\/www.cesarflor.com\/tiendacesarflor\/wp-json\/wp\/v2\/product_cat?post=4731"},{"taxonomy":"product_tag","embeddable":true,"href":"https:\/\/www.cesarflor.com\/tiendacesarflor\/wp-json\/wp\/v2\/product_tag?post=4731"}],"curies":[{"name":"wp","href":"https:\/\/api.w.org\/{rel}","templated":true}]}}