{"id":5091,"date":"2025-07-14T10:43:52","date_gmt":"2025-07-14T10:43:52","guid":{"rendered":"https:\/\/www.cesarflor.com\/tiendacesarflor\/?post_type=product&#038;p=5091"},"modified":"2025-07-14T10:47:38","modified_gmt":"2025-07-14T10:47:38","slug":"maceta-suenos-de-primavera","status":"publish","type":"product","link":"https:\/\/www.cesarflor.com\/tiendacesarflor\/product\/maceta-suenos-de-primavera\/","title":{"rendered":"Maceta Sue\u00f1os de primavera"},"content":{"rendered":"<p>Maceta decorativa con forma de ni\u00f1a so\u00f1adora, ideal para plantas peque\u00f1as. A\u00f1ade dulzura y encanto a cualquier rinc\u00f3n de tu hogar<\/p>\n","protected":false},"excerpt":{"rendered":"<p>Maceta decorativa con forma de ni\u00f1a so\u00f1adora, ideal para plantas peque\u00f1as. A\u00f1ade dulzura y encanto a cualquier rinc\u00f3n de tu hogar<\/p>\n","protected":false},"featured_media":5092,"comment_status":"closed","ping_status":"closed","template":"","meta":[],"product_cat":[160],"product_tag":[],"_links":{"self":[{"href":"https:\/\/www.cesarflor.com\/tiendacesarflor\/wp-json\/wp\/v2\/product\/5091"}],"collection":[{"href":"https:\/\/www.cesarflor.com\/tiendacesarflor\/wp-json\/wp\/v2\/product"}],"about":[{"href":"https:\/\/www.cesarflor.com\/tiendacesarflor\/wp-json\/wp\/v2\/types\/product"}],"replies":[{"embeddable":true,"href":"https:\/\/www.cesarflor.com\/tiendacesarflor\/wp-json\/wp\/v2\/comments?post=5091"}],"wp:featuredmedia":[{"embeddable":true,"href":"https:\/\/www.cesarflor.com\/tiendacesarflor\/wp-json\/wp\/v2\/media\/5092"}],"wp:attachment":[{"href":"https:\/\/www.cesarflor.com\/tiendacesarflor\/wp-json\/wp\/v2\/media?parent=5091"}],"wp:term":[{"taxonomy":"product_cat","embeddable":true,"href":"https:\/\/www.cesarflor.com\/tiendacesarflor\/wp-json\/wp\/v2\/product_cat?post=5091"},{"taxonomy":"product_tag","embeddable":true,"href":"https:\/\/www.cesarflor.com\/tiendacesarflor\/wp-json\/wp\/v2\/product_tag?post=5091"}],"curies":[{"name":"wp","href":"https:\/\/api.w.org\/{rel}","templated":true}]}}